{"id":44,"date":"2017-10-26T14:08:13","date_gmt":"2017-10-26T12:08:13","guid":{"rendered":"http:\/\/www.formalim.fr\/?page_id=44"},"modified":"2024-08-06T13:25:46","modified_gmt":"2024-08-06T11:25:46","slug":"page-3","status":"publish","type":"page","link":"https:\/\/www.naturobienetre01.fr\/?page_id=44","title":{"rendered":"Bien-\u00catre"},"content":{"rendered":"<p><span style=\"font-family: tahoma, arial, helvetica, sans-serif; color: #993366;\"><strong>MASSAGES-BIEN-ETRE-REFLEXOLOGIES<\/strong><\/span><\/p>\n<p><span style=\"font-family: tahoma, arial, helvetica, sans-serif; color: #993366;\"><em>Une pause de bien-\u00eatre, \u00e0 offrir ou \u00e0 s\u2019offrir \u2026<\/em><\/span><\/p>\n<p><span style=\"font-family: tahoma, arial, helvetica, sans-serif; color: #0000ff;\"><strong><u><span style=\"color: #339966;\">CALIFORNIEN (env.60min)<\/span><br \/>\n<\/u><\/strong><\/span><span style=\"font-family: tahoma, arial, helvetica, sans-serif; color: #0000ff;\">Moment de d\u00e9tente et de relaxation par excellence\u2026 Technique douce et harmonisante sur l\u2019ensemble du corps, qui relaxe, apaise, et \u00e9quilibre.<\/span><\/p>\n<p><span style=\"font-family: tahoma, arial, helvetica, sans-serif; color: #0000ff;\"><strong><u><span style=\"color: #339966;\">RELAXENERGIE (env.90 \u00e0 120 min)<br \/>\n<\/span><\/u><\/strong><\/span><span style=\"font-family: tahoma, arial, helvetica, sans-serif; color: #0000ff;\">Soin bien-\u00eatre en deux temps, pour le corps et l&#8217;esprit, compos\u00e9 d&#8217;un massage relaxant et harmonisant, et un soin \u00e9nerg\u00e9tique de d\u00e9tente et d&#8217;harmonisation<\/span><\/p>\n<p><span style=\"font-family: tahoma, arial, helvetica, sans-serif; color: #0000ff;\"><strong><u><span style=\"color: #339966;\">TOUCHER DRAINANT (env.60min)<\/span><br \/>\n<\/u><\/strong><\/span><span style=\"font-family: tahoma, arial, helvetica, sans-serif; color: #0000ff;\">Stimulation avec douceur du syst\u00e8me lymphatique, \u00e0 la fois pr\u00e9ventif et esth\u00e9tique\u00a0: Il d\u00e9toxine et\u00a0 r\u00e9gule les syst\u00e8mes neuro-v\u00e9g\u00e9tatif et immunitaire. Effets sur la peau, la cellulite, et le stress.<\/span><\/p>\n<p><span style=\"font-family: tahoma, arial, helvetica, sans-serif; color: #0000ff;\"><strong><u><span style=\"color: #339966;\">SHIATSU (env.60min)<\/span><br \/>\n<\/u><\/strong><\/span><span style=\"font-family: tahoma, arial, helvetica, sans-serif; color: #0000ff;\">Harmoniser l\u2019ensemble du corps, en travaillant par accupression sur l\u2019ensemble des m\u00e9ridiens, dans le but de stimuler et d&#8217;\u00e9quilibrer l\u2019ensemble des \u00e9nergies de votre corps.<\/span><\/p>\n<p><span style=\"font-family: tahoma, arial, helvetica, sans-serif; color: #0000ff;\"><strong><u><span style=\"color: #339966;\">REFLEXOLOGIE SELON KNAPP (env.50min)<\/span><br \/>\n<\/u><\/strong><\/span><span style=\"font-family: tahoma, arial, helvetica, sans-serif; color: #0000ff;\">Compl\u00e9mentaire \u00e0 beaucoup de pratique, le travail des points de Knapp, assure un bienfait profond, favorise l\u2019\u00e9limination de l\u2019acide urique, prot\u00e8ge le corps, att\u00e9nue les douleurs, et contre le vieillissement.<\/span><\/p>\n<p><span style=\"font-family: tahoma, arial, helvetica, sans-serif; color: #0000ff;\"><strong><u><span style=\"color: #339966;\">REFLEXOLOGIE PLANTAIRE (env.45min)<\/span><br \/>\n<\/u><\/strong><\/span><span style=\"font-family: tahoma, arial, helvetica, sans-serif; color: #0000ff;\">Sensation g\u00e9n\u00e9rale d\u2019harmonie et de bien-\u00eatre, par le d\u00e9blocage des tensions physiques et psychiques, normalisation de la circulation sanguine, et favorisation de la lib\u00e9ration des toxines sur les syst\u00e8mes digestif, respiratoire, endocrinien, respiratoire, osseux,\u2026<\/span><\/p>\n<p><span style=\"font-family: tahoma, arial, helvetica, sans-serif; color: #0000ff;\"><strong><u><span style=\"color: #339966;\">FUJI (env.60mn)\u00a0:<\/span><br \/>\n<\/u><\/strong><\/span><span style=\"font-family: tahoma, arial, helvetica, sans-serif; color: #0000ff;\">D\u00e9tente et bien \u00eatre, sur l\u2019ensemble du corps gr\u00e2ce \u00e0 un massage r\u00e9alis\u00e9 \u00e0 l\u2019aide de pierres chaudes.<\/span><\/p>\n<p><span style=\"font-family: tahoma, arial, helvetica, sans-serif; color: #0000ff;\"><strong><u><span style=\"color: #339966;\">SPECIAL JAMBES (env.35min)<\/span><br \/>\n<\/u><\/strong><\/span><span style=\"font-family: tahoma, arial, helvetica, sans-serif; color: #0000ff;\">Massage des jambes combinant un travail aux niveaux circulatoire, musculaire, et \u00e9nerg\u00e9tique. D\u00e9tente et l\u00e9g\u00e8ret\u00e9 des jambes au rendez-vous !<\/span><\/p>\n<p><span style=\"font-family: tahoma, arial, helvetica, sans-serif; color: #0000ff;\"><strong><u><span style=\"color: #339966;\">REFLEXOLOGIE VERTEBRALE (env.30min)<\/span><br \/>\n<\/u><\/strong><\/span><span style=\"font-family: tahoma, arial, helvetica, sans-serif; color: #0000ff;\">Tout au long de la colonne vert\u00e9brale, appel\u00e9e aussi \u00ab\u00a0arbre de vie\u00a0\u00bb, cette technique fortifie et stimule l\u2019organisme. Elle recentre la personne sur elle-m\u00eame, d\u00e9tent,\u00a0 et favorise la confiance en soi.<\/span><\/p>\n<p><span style=\"font-family: tahoma, arial, helvetica, sans-serif; color: #0000ff;\"><strong><u><span style=\"color: #339966;\">SPECIAL DOS (env.45mn)\u00a0:<\/span><br \/>\n<\/u><\/strong><\/span><span style=\"font-family: tahoma, arial, helvetica, sans-serif; color: #0000ff;\">Un travail sp\u00e9cialement d\u00e9di\u00e9 au dos, m\u00ealant massage-de-bien-\u00eatre et r\u00e9flexologie.<\/span><\/p>\n<p><span style=\"font-family: tahoma, arial, helvetica, sans-serif; color: #0000ff;\"><strong><u><span style=\"color: #ff0000;\">MASSAGE-BIEN-ETRE PERSONALISE\u00a0:<\/span><br \/>\n<\/u><\/strong><\/span><span style=\"font-family: tahoma, arial, helvetica, sans-serif; color: #0000ff;\">Selon vos besoins, possibilit\u00e9, et vos disponibilit\u00e9s, il est possible d\u2019associ\u00e9 plusieurs techniques sur une ou plusieurs zones du corps pour un moment de d\u00e9tente personalis\u00e9.<\/span><\/p>\n<p><span style=\"font-family: tahoma, arial, helvetica, sans-serif; color: #0000ff;\"><strong><u><span style=\"color: #339966;\">AMMA ASSIS (env.15-20min)<\/span><br \/>\n<\/u><\/strong><\/span><span style=\"font-family: tahoma, arial, helvetica, sans-serif; color: #0000ff;\">Bas\u00e9 sur l\u2019art Japonnais \u00ab\u00a0Amma\u00a0\u00bb, il s\u2019agit d\u2019une succession de mouvements pr\u00e9cis. Assis sur une chaise ergonomique, tout en restant habill\u00e9, il a pour effet d\u2019accroitre imm\u00e9diatement la vigilance et l\u2019acuit\u00e9 mentale, tout en r\u00e9duisant le stress n\u00e9gatif. Il est donc relaxant et dynamisant \u00e0 la fois.<\/span><\/p>\n<p><span style=\"font-family: tahoma, arial, helvetica, sans-serif; color: #0000ff;\"><strong><u><span style=\"color: #339966;\">DO-IN<\/span><br \/>\n<\/u><\/strong><\/span><span style=\"font-family: tahoma, arial, helvetica, sans-serif; color: #0000ff;\">Prendre soin de soi par auto-massages, cette technique de masso-r\u00e9flexologie r\u00e9harmonise l\u2019ensemble du corps humain. (Groupes ou Solo)<\/span><\/p>\n<p><em><span style=\"font-family: tahoma, arial, helvetica, sans-serif;\">&#8212;&#8212;&#8212;&#8212;&#8212;&#8212;&#8212;&#8212;&#8212;&#8212;&#8212;&#8212;&#8212;&#8212;&#8212;&#8212;&#8212;&#8212;&#8212;&#8212;&#8212;&#8212;&#8212;&#8212;&#8212;&#8212;&#8212;&#8211;<br \/>\nLes techniques propos\u00e9s appartiennent au domaine du bien-\u00eatre, et ne s\u2019apparentent pas \u00e0 des massages th\u00e9rapeutique de r\u00e9\u00e9ducation.<\/span><\/em><\/p>\n","protected":false},"excerpt":{"rendered":"<p>MASSAGES-BIEN-ETRE-REFLEXOLOGIES Une pause de bien-\u00eatre, \u00e0 offrir ou \u00e0 s\u2019offrir \u2026 CALIFORNIEN (env.60min) Moment de d\u00e9tente et de relaxation par excellence\u2026 Technique douce et harmonisante sur l\u2019ensemble du corps, qui relaxe, apaise, et \u00e9quilibre. RELAXENERGIE (env.90 \u00e0 120 min) Soin bien-\u00eatre en deux temps, pour le corps et l&#8217;esprit, compos\u00e9 d&#8217;un massage relaxant et harmonisant, &hellip; <a href=\"https:\/\/www.naturobienetre01.fr\/?page_id=44\" class=\"more-link\">Continuer la lecture<span class=\"screen-reader-text\"> de &laquo;&nbsp;Bien-\u00catre&nbsp;&raquo;<\/span><\/a><\/p>\n","protected":false},"author":2,"featured_media":0,"parent":0,"menu_order":0,"comment_status":"closed","ping_status":"closed","template":"","meta":{"footnotes":""},"class_list":["post-44","page","type-page","status-publish","hentry"],"_links":{"self":[{"href":"https:\/\/www.naturobienetre01.fr\/index.php?rest_route=\/wp\/v2\/pages\/44","targetHints":{"allow":["GET"]}}],"collection":[{"href":"https:\/\/www.naturobienetre01.fr\/index.php?rest_route=\/wp\/v2\/pages"}],"about":[{"href":"https:\/\/www.naturobienetre01.fr\/index.php?rest_route=\/wp\/v2\/types\/page"}],"author":[{"embeddable":true,"href":"https:\/\/www.naturobienetre01.fr\/index.php?rest_route=\/wp\/v2\/users\/2"}],"replies":[{"embeddable":true,"href":"https:\/\/www.naturobienetre01.fr\/index.php?rest_route=%2Fwp%2Fv2%2Fcomments&post=44"}],"version-history":[{"count":6,"href":"https:\/\/www.naturobienetre01.fr\/index.php?rest_route=\/wp\/v2\/pages\/44\/revisions"}],"predecessor-version":[{"id":160,"href":"https:\/\/www.naturobienetre01.fr\/index.php?rest_route=\/wp\/v2\/pages\/44\/revisions\/160"}],"wp:attachment":[{"href":"https:\/\/www.naturobienetre01.fr\/index.php?rest_route=%2Fwp%2Fv2%2Fmedia&parent=44"}],"curies":[{"name":"wp","href":"https:\/\/api.w.org\/{rel}","templated":true}]}}